{"id":578,"date":"2025-06-11T08:37:45","date_gmt":"2025-06-11T11:37:45","guid":{"rendered":"https:\/\/lestu.com.br\/projetos\/grafithe\/?page_id=578"},"modified":"2025-11-14T10:41:19","modified_gmt":"2025-11-14T13:41:19","slug":"contato","status":"publish","type":"page","link":"https:\/\/lestu.com.br\/projetos\/grafithe\/contato\/","title":{"rendered":"Contato"},"content":{"rendered":"\n<p>GRAFI-THE \u00e9 um projeto cultural pulsante idealizado e executado pela Editora Lestu. O projeto foi aprovado pela\u00a0<strong>Pol\u00edtica Nacional Aldir Blanc (PNAB 2024)\u00a0<\/strong>\u2014 iniciativa do Governo Federal para apoiar de forma cont\u00ednua o setor cultural em todo o pa\u00eds. Essa chancela garante n\u00e3o apenas recursos, mas o reconhecimento da relev\u00e2ncia do graffiti como linguagem art\u00edstica transformadora e ferramenta de cidadania cultural.<br><br><strong>Para entrar em contato com a Editora Lestu: editora@lestu.org<\/strong><br><br><br><br><\/p>\n\n\n\n<p><\/p>\n","protected":false},"excerpt":{"rendered":"<p>GRAFI-THE \u00e9 um projeto cultural pulsante idealizado e executado pela Editora Lestu. O projeto foi aprovado pela\u00a0Pol\u00edtica Nacional Aldir Blanc (PNAB 2024)\u00a0\u2014 iniciativa do Governo Federal para apoiar de forma cont\u00ednua o setor cultural em todo o pa\u00eds. Essa chancela garante n\u00e3o apenas recursos, mas o reconhecimento da relev\u00e2ncia do graffiti como linguagem art\u00edstica transformadora [&hellip;]<\/p>\n","protected":false},"author":1,"featured_media":0,"parent":0,"menu_order":0,"comment_status":"closed","ping_status":"closed","template":"","meta":{"footnotes":""},"class_list":["post-578","page","type-page","status-publish","hentry"],"yoast_head":"<!-- This site is optimized with the Yoast SEO plugin v26.5 - https:\/\/yoast.com\/wordpress\/plugins\/seo\/ -->\n<title>Contato - Editora Lestu - Projeto Grafi-The<\/title>\n<meta name=\"robots\" content=\"index, follow, max-snippet:-1, max-image-preview:large, max-video-preview:-1\" \/>\n<link rel=\"canonical\" href=\"https:\/\/lestu.com.br\/projetos\/grafithe\/contato\/\" \/>\n<meta property=\"og:locale\" content=\"pt_BR\" \/>\n<meta property=\"og:type\" content=\"article\" \/>\n<meta property=\"og:title\" content=\"Contato - Editora Lestu - Projeto Grafi-The\" \/>\n<meta property=\"og:description\" content=\"GRAFI-THE \u00e9 um projeto cultural pulsante idealizado e executado pela Editora Lestu. O projeto foi aprovado pela\u00a0Pol\u00edtica Nacional Aldir Blanc (PNAB 2024)\u00a0\u2014 iniciativa do Governo Federal para apoiar de forma cont\u00ednua o setor cultural em todo o pa\u00eds. Essa chancela garante n\u00e3o apenas recursos, mas o reconhecimento da relev\u00e2ncia do graffiti como linguagem art\u00edstica transformadora [&hellip;]\" \/>\n<meta property=\"og:url\" content=\"https:\/\/lestu.com.br\/projetos\/grafithe\/contato\/\" \/>\n<meta property=\"og:site_name\" content=\"Editora Lestu - Projeto Grafi-The\" \/>\n<meta property=\"article:modified_time\" content=\"2025-11-14T13:41:19+00:00\" \/>\n<meta name=\"twitter:card\" content=\"summary_large_image\" \/>\n<meta name=\"twitter:label1\" content=\"Est. tempo de leitura\" \/>\n\t<meta name=\"twitter:data1\" content=\"1 minuto\" \/>\n<script type=\"application\/ld+json\" class=\"yoast-schema-graph\">{\"@context\":\"https:\/\/schema.org\",\"@graph\":[{\"@type\":\"WebPage\",\"@id\":\"https:\/\/lestu.com.br\/projetos\/grafithe\/contato\/\",\"url\":\"https:\/\/lestu.com.br\/projetos\/grafithe\/contato\/\",\"name\":\"Contato - Editora Lestu - Projeto Grafi-The\",\"isPartOf\":{\"@id\":\"https:\/\/lestu.com.br\/projetos\/grafithe\/#website\"},\"datePublished\":\"2025-06-11T11:37:45+00:00\",\"dateModified\":\"2025-11-14T13:41:19+00:00\",\"breadcrumb\":{\"@id\":\"https:\/\/lestu.com.br\/projetos\/grafithe\/contato\/#breadcrumb\"},\"inLanguage\":\"pt-BR\",\"potentialAction\":[{\"@type\":\"ReadAction\",\"target\":[\"https:\/\/lestu.com.br\/projetos\/grafithe\/contato\/\"]}]},{\"@type\":\"BreadcrumbList\",\"@id\":\"https:\/\/lestu.com.br\/projetos\/grafithe\/contato\/#breadcrumb\",\"itemListElement\":[{\"@type\":\"ListItem\",\"position\":1,\"name\":\"In\u00edcio\",\"item\":\"https:\/\/lestu.com.br\/projetos\/grafithe\/\"},{\"@type\":\"ListItem\",\"position\":2,\"name\":\"Contato\"}]},{\"@type\":\"WebSite\",\"@id\":\"https:\/\/lestu.com.br\/projetos\/grafithe\/#website\",\"url\":\"https:\/\/lestu.com.br\/projetos\/grafithe\/\",\"name\":\"Editora Lestu - Projeto Grafi-The\",\"description\":\"\",\"potentialAction\":[{\"@type\":\"SearchAction\",\"target\":{\"@type\":\"EntryPoint\",\"urlTemplate\":\"https:\/\/lestu.com.br\/projetos\/grafithe\/?s={search_term_string}\"},\"query-input\":{\"@type\":\"PropertyValueSpecification\",\"valueRequired\":true,\"valueName\":\"search_term_string\"}}],\"inLanguage\":\"pt-BR\"}]}<\/script>\n<!-- \/ Yoast SEO plugin. -->","yoast_head_json":{"title":"Contato - Editora Lestu - Projeto Grafi-The","robots":{"index":"index","follow":"follow","max-snippet":"max-snippet:-1","max-image-preview":"max-image-preview:large","max-video-preview":"max-video-preview:-1"},"canonical":"https:\/\/lestu.com.br\/projetos\/grafithe\/contato\/","og_locale":"pt_BR","og_type":"article","og_title":"Contato - Editora Lestu - Projeto Grafi-The","og_description":"GRAFI-THE \u00e9 um projeto cultural pulsante idealizado e executado pela Editora Lestu. O projeto foi aprovado pela\u00a0Pol\u00edtica Nacional Aldir Blanc (PNAB 2024)\u00a0\u2014 iniciativa do Governo Federal para apoiar de forma cont\u00ednua o setor cultural em todo o pa\u00eds. Essa chancela garante n\u00e3o apenas recursos, mas o reconhecimento da relev\u00e2ncia do graffiti como linguagem art\u00edstica transformadora [&hellip;]","og_url":"https:\/\/lestu.com.br\/projetos\/grafithe\/contato\/","og_site_name":"Editora Lestu - Projeto Grafi-The","article_modified_time":"2025-11-14T13:41:19+00:00","twitter_card":"summary_large_image","twitter_misc":{"Est. tempo de leitura":"1 minuto"},"schema":{"@context":"https:\/\/schema.org","@graph":[{"@type":"WebPage","@id":"https:\/\/lestu.com.br\/projetos\/grafithe\/contato\/","url":"https:\/\/lestu.com.br\/projetos\/grafithe\/contato\/","name":"Contato - Editora Lestu - Projeto Grafi-The","isPartOf":{"@id":"https:\/\/lestu.com.br\/projetos\/grafithe\/#website"},"datePublished":"2025-06-11T11:37:45+00:00","dateModified":"2025-11-14T13:41:19+00:00","breadcrumb":{"@id":"https:\/\/lestu.com.br\/projetos\/grafithe\/contato\/#breadcrumb"},"inLanguage":"pt-BR","potentialAction":[{"@type":"ReadAction","target":["https:\/\/lestu.com.br\/projetos\/grafithe\/contato\/"]}]},{"@type":"BreadcrumbList","@id":"https:\/\/lestu.com.br\/projetos\/grafithe\/contato\/#breadcrumb","itemListElement":[{"@type":"ListItem","position":1,"name":"In\u00edcio","item":"https:\/\/lestu.com.br\/projetos\/grafithe\/"},{"@type":"ListItem","position":2,"name":"Contato"}]},{"@type":"WebSite","@id":"https:\/\/lestu.com.br\/projetos\/grafithe\/#website","url":"https:\/\/lestu.com.br\/projetos\/grafithe\/","name":"Editora Lestu - Projeto Grafi-The","description":"","potentialAction":[{"@type":"SearchAction","target":{"@type":"EntryPoint","urlTemplate":"https:\/\/lestu.com.br\/projetos\/grafithe\/?s={search_term_string}"},"query-input":{"@type":"PropertyValueSpecification","valueRequired":true,"valueName":"search_term_string"}}],"inLanguage":"pt-BR"}]}},"_links":{"self":[{"href":"https:\/\/lestu.com.br\/projetos\/grafithe\/wp-json\/wp\/v2\/pages\/578","targetHints":{"allow":["GET"]}}],"collection":[{"href":"https:\/\/lestu.com.br\/projetos\/grafithe\/wp-json\/wp\/v2\/pages"}],"about":[{"href":"https:\/\/lestu.com.br\/projetos\/grafithe\/wp-json\/wp\/v2\/types\/page"}],"author":[{"embeddable":true,"href":"https:\/\/lestu.com.br\/projetos\/grafithe\/wp-json\/wp\/v2\/users\/1"}],"replies":[{"embeddable":true,"href":"https:\/\/lestu.com.br\/projetos\/grafithe\/wp-json\/wp\/v2\/comments?post=578"}],"version-history":[{"count":0,"href":"https:\/\/lestu.com.br\/projetos\/grafithe\/wp-json\/wp\/v2\/pages\/578\/revisions"}],"wp:attachment":[{"href":"https:\/\/lestu.com.br\/projetos\/grafithe\/wp-json\/wp\/v2\/media?parent=578"}],"curies":[{"name":"wp","href":"https:\/\/api.w.org\/{rel}","templated":true}]}}